+ -256a8?
-256ba
In base 3, what is 1002221200001021 + 20?
1002221200001111
In base 11, what is -36556 - -295?
-36271
In base 14, what is 121 - -56b4?
57d5
In base 8, what is -174665 + 441?
-174224
In base 15, what is 8c928 + -e?
8c919
In base 3, what is 110010102021 - 10?
110010102011
In base 7, what is -1625541 + -346?
-1626220
In base 13, what is 16 - 11569b?
-115685
In base 15, what is -ae583 - -1c3?
-ae3b0
In base 11, what is -290183a - -13?
-2901827
In base 13, what is -4648 - -74?
-45a4
In base 12, what is -43 - -3376169?
3376126
In base 7, what is -1053 - -20324?
16241
In base 5, what is -21 + -10204333042?
-10204333113
In base 5, what is -12424113033 + -4?
-12424113042
In base 10, what is -3 - -3463077?
3463074
In base 16, what is 980e3 + 2?
980e5
In base 16, what is -247 - 91d?
-b64
In base 14, what is 51 - -1940a6?
194117
In base 6, what is -5422 + 404114?
354252
In base 2, what is -111001000 - -101110100110011?
101101101101011
In base 9, what is -14 - -8416863?
8416848
In base 10, what is -717 + -16571?
-17288
In base 9, what is 12207022 + 4?
12207026
In base 9, what is 13 - -12455545?
12455558
In base 16, what is 4 - 99f74?
-99f70
In base 8, what is -11 + 36154356?
36154345
In base 15, what is 0 - -704722?
704722
In base 8, what is 1 - -10667325?
10667326
In base 7, what is -66 - 222110263?
-222110362
In base 8, what is -11033 + 205030?
173775
In base 7, what is -65 - -25446551?
25446453
In base 13, what is -135a84b - 2?
-135a850
In base 16, what is -d - 1110019?
-1110026
In base 14, what is -6c775204 - -2?
-6c775202
In base 7, what is 311301 + -1060?
310211
In base 9, what is -5 + -12550464?
-12550470
In base 2, what is 1000111001111011 + -11101?
1000111001011110
In base 9, what is 743474 - -1870?
745454
In base 2, what is -11100110010010100100100011 - -10?
-11100110010010100100100001
In base 15, what is 1 - 1ccd81?
-1ccd80
In base 4, what is -332133313 - 23?
-332200002
In base 7, what is 2051 + -5413525?
-5411444
In base 15, what is -25e1ea - -10a?
-25e0e0
In base 6, what is -52502451 + 20?
-52502431
In base 2, what is -110010011110001 - -1000001101100?
-101010010000101
In base 9, what is 0 + 32304252?
32304252
In base 14, what is 924488 - 1?
924487
In base 4, what is 200101002 + -322?
200100020
In base 15, what is 6e - -27629?
27698
In base 8, what is 13 + 404514?
404527
In base 6, what is -110 - -22531530?
22531420
In base 6, what is -314104055 - 4?
-314104103
In base 14, what is -38574 - -6?
-3856c
In base 12, what is 9 - 784244?
-784237
In base 5, what is 1 + 1013033020?
1013033021
In base 4, what is 11 - 10201032133?
-10201032122
In base 7, what is 1023301 + 11360?
1034661
In base 10, what is -569195 + 63?
-569132
In base 16, what is 97e7 - -ba1?
a388
In base 10, what is 1 + 109108958?
109108959
In base 16, what is 198157c - 9?
1981573
In base 2, what is 10 + -11011100011010010100111100?
-11011100011010010100111010
In base 11, what is -5 + -1244912?
-1244917
In base 10, what is 82931577 + -5?
82931572
In base 15, what is -83336 - 3?
-83339
In base 10, what is 36305669 - -2?
36305671
In base 9, what is -672 - 4500?
-5272
In base 13, what is 18a5 - -10b31?
12706
In base 6, what is -3234 - -15202?
11524
In base 8, what is -3474 - 214156?
-217652
In base 13, what is -7167 + 19?
-714b
In base 14, what is 3c83b6 + -15?
3c83a1
In base 10, what is -19220 + 2133?
-17087
In base 15, what is -30bd873 - 3?
-30bd876
In base 7, what is -34064601 + 2?
-34064566
In base 9, what is -16017 - -37572?
21554
In base 14, what is -41a + -4c1c2?
-4c5dc
In base 14, what is -81a531 - 5?
-81a536
In base 2, what is -11111111 + -1001100001011111?
-1001100101011110
In base 2, what is -1010001000010101101101100 + -101?
-1010001000010101101110001
In base 3, what is 20 + 200121001102101122?
200121001102101212
In base 15, what is dc8 + 1213?
20db
In base 12, what is -2082b3b01 - 3?
-2082b3b04
In base 16, what is -599 + -1eb76?
-1f10f
In base 3, what is 2200012210 - 202022?
2122110111
In base 2, what is -11000011100111100011101 + -101?
-11000011100111100100010
In base 16, what is -2d9 - -d39?
a60
In base 10, what is -79 - 455622?
-455701
In base 9, what is 16873 - -121738?
138722
In base 13, what is -5b19a + -64b?
-5b818
In base 8, what is 44014 + -1176?
42616
In base 3, what is 11000110110012 + 2112?
11000110112201
In base 14, what is d99 + -7b687?
-7a6cc
In base 7, what is -21043 + -10562?
-31635
In base 15, what is 481556d - 3?
481556a
In base 14, what is 5 - 571a1?
-5719a
In base 3, what is -2212 + 12101101020?
12101021101
In base 12, what is 1 - 3810087?
-3810086
In base 12, what is -113a + -646?
-1784
In base 14, what is -20b31bc5 + 4?
-20b31bc1
In base 7, what is -226642 + 220?
-226422
In base 5, what is -21114221324 + 112?
-21114221212
In base 13, what is -19 - -503020?
503004
In base 16, what is 62072 + 10?
62082
In base 11, what is -9 - 47446?
-47454
In base 5, what is 1023414 - 41?
1023323
In base 14, what is -22 - -3601d2?
3601b0
In base 10, what is -1414 + -981?
-2395
In base 13, what is 50911b9 - 15?
50911a4
In base 12, what is -1512 + -157482?
-158994
In base 2, what is 1111001110111010010 + 101101011?
1111001111100111101
In base 5, what is -20 + 30334002?
30333432
In base 11, what is -2799253 - -12?
-2799241
In base 12, what is -65 - -17350b?
173466
In base 14, what is 0 + 6c65470?
6c65470
In base 10, what is -11565 - 26568?
-38133
In base 5, what is 100030244 - -1311?
100032110
In base 8, what is 1512 - -3225?
4737
In base 16, what is 61aa0eb + -4?
61aa0e7
In base 5, what is -10 + 102223133203?
102223133143
In base 13, what is -449471 + -8c?
-449530
In base 11, what is 1179148 + 91?
1179229
In base 7, what is 10113522 - -14?
10113536
In base 11, what is 5745a51 + -4?
5745a48
In base 15, what is -636da1 - -19?
-636d87
In base 12, what is -285835489 - 0?
-285835489
In base 5, what is 0 - 101314041?
-101314041
In base 4, what is -110131310122 + 111?
-110131310011
In base 2, what is 1011110100 - 101000010100111110010?
-101000010011011111110
In base 12, what is 565 - 54610?
-54067
In base 10, what is -2279006 - 3?
-2279009
In base 13, what is 3284309 + -4?
3284305
In base 4, what is -2230 - 102200110?
-102203000
In base 13, what is -a9 + 81430?
81354
In base 14, what is -b025 - 288?
-b2ad
In base 12, what is 12b86 + 89b1?
1b977
In base 8, what is -1 - 115741022?
-115741023
In base 3, what is 21 + 12102011112222120?
12102011112222211
In base 3, what is 2110 + 2021012?
2100122
In base 4, what is 10312313023013 - -2?
10312313023021
In base 14, what is 252 + 1dab?
221d
In base 6, what is -2045 - 3520455?
-3522544
In base 11, what is 4 + -9a02244?
-9a02240
In base 2, what is 1 + 10010101011111000010100100?
10010101011111000010100101
In base 11, what is 19712205 - -2?
19712207
In base 3, what is 0 + 11000210001020?
11000210001020
In base 11, what is 246 + 681a67?
682202
In base 2, what is 1001100001101101 + 100010011110?
1010000100001011
In base 10, what is 6287552 - -9?
6287561
In base 6, what is 22144 + -25304?
-3120
In base 9, what is -544 + -140555?
-141210
In base 3, what is 2110211101200 + -2?
2110211101121
In base 10, what is -7363448 + -6?
-7363454
In base 7, what is 2316 - -64506?
100125
In base 10, what is -9 + -2189982?
-2189991
In base 4, what is 101 - 1221200310?
-1221200203
In base 16, what is -44 + -72a71?
-72ab5
In base 16, what is -97 + -107b?
-1112
In base 4, what is 1 + 113323201313?
113323201320
In base 8, what is -11 + -11602736?
-11602747
In base 14, what is 13 - -17aac?
17ac1
In base 4, what is 12202220 - 320?
12201300
In base 16, what is -20 + 183204?
1831e4
In base 5, what is -333323103 + -1?
-333323104
In base 2, what is -111 + 101001001011000000111?
101001001011000000000
In base 16, what is -1 + 381a9fa?
381a9f9
In base 11, what is -10 - 7363308?
-7363318
In base 15, what is -4 - -33314?
33310
In base 9, what is 8 + -317408?
-317400
In base 5, what is -1011 - 421121202?
-421122213
In base 3, what is 110210210200 + 120?
110210211020
In base 4, what is -112222013201 + 112?
-112222013023
In base 16, what is -420cac - -4?
-420ca8
In base 11, what is 2147906 + 0?
2147906
In base 14, what is 3 + 2d73d0?
2d73d3
In base 7, what is 1012313330 - 3?
1012313324
In base 15, what is 909e - -ece?
a07d
In base 11, what is -5aa0221 - -1?